t is the remainder when 53960 is divided by 26925?
110
Calculate the remainder when 949 is divided by 252.
193
What is the remainder when 7491 is divided by 3662?
167
What is the remainder when 715470 is divided by 99?
96
Calculate the remainder when 1903 is divided by 105.
13
Calculate the remainder when 139420 is divided by 139.
3
What is the remainder when 4897 is divided by 629?
494
What is the remainder when 3695581 is divided by 8?
5
What is the remainder when 36812 is divided by 13?
9
Calculate the remainder when 12835 is divided by 12797.
38
What is the remainder when 25557 is divided by 71?
68
What is the remainder when 5385 is divided by 5368?
17
What is the remainder when 513900 is divided by 871?
10
Calculate the remainder when 36896 is divided by 5266.
34
Calculate the remainder when 894212 is divided by 19.
15
Calculate the remainder when 14274 is divided by 59.
55
Calculate the remainder when 2540 is divided by 286.
252
What is the remainder when 341999 is divided by 15545?
9
What is the remainder when 432 is divided by 67?
30
What is the remainder when 4266759 is divided by 1481?
1479
Calculate the remainder when 14805 is divided by 436.
417
Calculate the remainder when 46543 is divided by 15498.
49
Calculate the remainder when 35636 is divided by 1699.
1656
Calculate the remainder when 206 is divided by 177.
29
What is the remainder when 19826 is divided by 4935?
86
Calculate the remainder when 12542 is divided by 570.
2
What is the remainder when 139902 is divided by 69951?
0
Calculate the remainder when 157600 is divided by 52522.
34
Calculate the remainder when 2002701 is divided by 12.
9
What is the remainder when 132041 is divided by 434?
105
Calculate the remainder when 12647 is divided by 4215.
2
Calculate the remainder when 88758 is divided by 109.
32
Calculate the remainder when 4277 is divided by 14.
7
What is the remainder when 431982 is divided by 266?
264
Calculate the remainder when 10969 is divided by 154.
35
What is the remainder when 679709 is divided by 113?
14
What is the remainder when 108269 is divided by 10?
9
Calculate the remainder when 63374 is divided by 53.
39
What is the remainder when 18370 is divided by 8864?
642
Calculate the remainder when 23681 is divided by 85.
51
What is the remainder when 4191 is divided by 1304?
279
What is the remainder when 299094 is divided by 383?
354
What is the remainder when 8221 is divided by 397?
281
Calculate the remainder when 14886 is divided by 71.
47
What is the remainder when 12105 is divided by 36?
9
Calculate the remainder when 4537 is divided by 354.
289
What is the remainder when 764 is divided by 347?
70
What is the remainder when 57085 is divided by 538?
57
What is the remainder when 3345 is divided by 30?
15
Calculate the remainder when 63175 is divided by 878.
837
What is the remainder when 2522902 is divided by 840962?
16
What is the remainder when 33033 is divided by 114?
87
What is the remainder when 4405 is divided by 903?
793
Calculate the remainder when 1281 is divided by 69.
39
What is the remainder when 26564 is divided by 3313?
60
Calculate the remainder when 13592 is divided by 49.
19
What is the remainder when 1856338 is divided by 158?
154
Calculate the remainder when 33221 is divided by 6644.
1
Calculate the remainder when 7247 is divided by 31.
24
Calculate the remainder when 6305 is divided by 3096.
113
What is the remainder when 30911 is divided by 353?
200
Calculate the remainder when 5403 is divided by 933.
738
What is the remainder when 2794 is divided by 909?
67
Calculate the remainder when 35413 is divided by 2211.
37
What is the remainder when 3485 is divided by 881?
842
Calculate the remainder when 604 is divided by 202.
200
What is the remainder when 16034 is divided by 20?
14
What is the remainder when 36250 is divided by 19?
17
Calculate the remainder when 4554 is divided by 13.
4
Calculate the remainder when 8110 is divided by 951.
502
Calculate the remainder when 310694 is divided by 71.
69
What is the remainder when 140844 is divided by 16?
12
What is the remainder when 6097 is divided by 6067?
30
What is the remainder when 7150 is divided by 3572?
6
Calculate the remainder when 89158 is divided by 504.
454
What is the remainder when 17748 is divided by 157?
7
Calculate the remainder when 459515 is divided by 185.
160
Calculate the remainder when 39296 is divided by 9824.
0
Calculate the remainder when 57109 is divided by 28541.
27
Calculate the remainder when 247869 is divided by 70.
69
Calculate the remainder when 17851 is divided by 713.
26
What is the remainder when 9959 is divided by 83?
82
What is the remainder when 463 is divided by 30?
13
Calculate the remainder when 3121 is divided by 360.
241
What is the remainder when 17237 is divided by 16750?
487
What is the remainder when 23692 is divided by 230?
2
What is the remainder when 178 is divided by 23?
17
What is the remainder when 122157 is divided by 3490?
7
What is the remainder when 15180 is divided by 215?
130
What is the remainder when 31334 is divided by 38?
22
Calculate the remainder when 12196 is divided by 12053.
143
Calculate the remainder when 6941 is divided by 7.
4
What is the remainder when 21541 is divided by 399?
394
Calculate the remainder when 581 is divided by 90.
41
What is the remainder when 20803 is divided by 15?
13
Calculate the remainder when 11581 is divided by 4.
1
What is the remainder when 5439442 is divided by 444?
442
What is the remainder when 443879 is divided by 10?
9
Calculate the remainder when 1174 is divided by 107.
104
Calculate the remainder when 4792649 is divided by 1597547.
8
Calculate the remainder when 1248 is divided by 197.
66
What is the remainder when 51510 is divided by 453?
321
What is the remainder when 32286 is divided by 5373?
48
Calculate the remainder when 37703 is divided by 1472.
903
Calculate the remainder when 355446 is divided by 59240.
6
What is the remainder when 3412 is divided by 486?
10
What is the remainder when 115783 is divided by 11?
8
What is the remainder when 14013 is divided by 486?
405
Calculate the remainder when 4986 is divided by 89.
2
Calculate the remainder when 425179 is divided by 38.
35
Calculate the remainder when 7902 is divided by 330.
312
Calculate the remainder when 2535567 is divided by 54.
51
Calculate the remainder when 2749 is divided by 134.
69
What is the remainder when 141187 is divided by 188?
187
What is the remainder when 28226 is divided by 168?
2
Calculate the remainder when 10823 is divided by 142.
31
What is the remainder when 100110 is divided by 455?
10
Calculate the remainder when 2479 is divided by 719.
322
Calculate the remainder when 1023 is divided by 3.
0
What is the remainder when 46437 is divided by 46417?
20
What is the remainder when 3099 is divided by 1710?
1389
Calculate the remainder when 2338 is divided by 578.
26
What is the remainder when 6869 is divided by 2282?
23
What is the remainder when 18118 is divided by 292?
14
What is the remainder when 50996 is divided by 250?
246
What is the remainder when 1898 is divided by 314?
14
Calculate the remainder when 118248 is divided by 275.
273
What is the remainder when 2914 is divided by 71?
3
Calculate the remainder when 233351 is divided by 55.
41
Calculate the remainder when 15992 is divided by 182.
158
Calculate the remainder when 11669 is divided by 3713.
530
What is the remainder when 8364 is divided by 698?
686
What is the remainder when 14757 is divided by 73?
11
What is the remainder when 3984 is divided by 125?
109
Calculate the remainder when 48540 is divided by 119.
107
What is the remainder when 27893 is divided by 25?
18
Calculate the remainder when 16784 is divided by 16223.
561
Calculate the remainder when 8599 is divided by 41.
30
What is the remainder when 66619 is divided by 6056?
3
Calculate the remainder when 20171 is divided by 131.
128
What is the remainder when 12932 is divided by 88?
84
Calculate the remainder when 693603 is divided by 483.
15
Calculate the remainder when 9546 is divided by 13.
4
What is the remainder when 17672 is divided by 1602?
50
What is the remainder when 1918 is divided by 1715?
203
What is the remainder when 589782 is divided by 214?
212
Calculate t